ndreds digit of r?
8
Suppose 4*m = 2*f - 1168, m - 2906 = -5*f - 3*m. Let r = f + -353. What is the hundreds digit of r?
2
Suppose -13*q + 327 + 19485 = 0. Suppose -q - 2221 = -7*r. What is the hundreds digit of r?
5
Suppose 3*v - 3*a + 327 = 6117, -2*v - 2*a = -3868. What is the units digit of v?
2
Let f(o) = 13*o - 14. Let q be f(2). Suppose 0 = 7*u - u - q. Suppose u*n - 159 = 29. What is the units digit of n?
4
Suppose -77*f + 246087 + 263191 = 0. What is the thousands digit of f?
6
Let d(p) = 89*p**3 - p**2 - p - 4. Let c be d(4). Suppose -20*u = -c - 348. What is the tens digit of u?
0
What is the units digit of ((-25824)/(-72))/((-2)/(-3))?
8
Suppose -21*h - 43375 = -423832. What is the thousands digit of h?
8
Suppose -g = -3*c + 239 + 41, -3*g + 4*c - 820 = 0. Let k = g + 780. Suppose 0 = 5*s + 3*s - k. What is the tens digit of s?
6
Suppose 151*h - 1106 = -4428. Suppose 5*u + 17 = 3*g - 205, -4*g + 270 = 2*u. Let k = h + g. What is the tens digit of k?
4
Let v = -77 + 34. Let n = -39 - v. Suppose n*q = 46 + 22. What is the tens digit of q?
1
Let i be 94 + -3 + 6 + -7. Suppose 83*d = i*d - 2737. What is the hundreds digit of d?
3
Let q(w) be the second derivative of -15/2*w**2 - 1/2*w**4 + 0 + 1/20*w**5 + 5/6*w**3 - w. What is the units digit of q(8)?
3
Let n = -6794 - -29010. What is the ten thousands digit of n?
2
Let w(q) = 9*q**2 + 44*q - 20*q - 23*q - 49 + 13*q**2 + q**3. What is the hundreds digit of w(-21)?
3
Let y = 35 - 39. Let z be ((-158)/y + -1*1)*-2. Let l = z - -129. What is the units digit of l?
2
Suppose 6*m = -m. Suppose -43*k + 36*k + 3087 = m. What is the hundreds digit of k?
4
Let r = -10 - -13. Suppose 0 = 4*a + 3*y - 395, -r*a + 211 = -a - 3*y. Suppose -3*i + a + 46 = 0. What is the units digit of i?
9
Let d = 1188 - 832. Suppose -179*r + 175*r = -d. What is the tens digit of r?
8
Let z = -21463 + 39560. What is the thousands digit of z?
8
Suppose 64*x - 59*x = 45. Suppose -15 = -x*a + 3. Suppose 4*m = -2*i + 211 - 13, a*i - 5*m = 171. What is the units digit of i?
3
Let h(c) = -c**2 + 6*c + 7. Let z be h(-1). Suppose z = -4*j - j - n + 1286, -3*j + 769 = -2*n. What is the hundreds digit of j?
2
Suppose 5*v + 217 = 1372. Suppose -v = x - 1388. What is the hundreds digit of x?
1
Let c = -169 - -169. Suppose c = -12*h + 644 + 3592. What is the units digit of h?
3
Let i(x) = -3*x - 6. Let m be i(-3). Suppose m*s + 2*o + 56 = 3*o, 0 = -5*s + 4*o - 105. Let j = s - -52. What is the units digit of j?
5
Suppose 0 = 14*t - 11*t - 9. Suppose p = t*h + 2*p - 3, h - 3*p = -9. Suppose q + y + 37 = 3*q, 3*q - 2*y - 54 = h. What is the tens digit of q?
2
Let u be 16*6/(-15) + 4/10. Suppose 2 + 4 = -3*q. What is the tens digit of 4/(-3)*(309/u - q)?
6
Suppose -3*f = -10*f + 154. Let j be 0 + 0 - (3 + (-1 - f)). Suppose -25*p = -j*p - 475. What is the units digit of p?
5
Suppose -141 = -y - 4*b + 491, 3206 = 5*y - 3*b. Suppose 3*j = -3*g + 1908, -6*g - j - y = -7*g. What is the units digit of g?
8
Let a(q) = -75*q + 205. Let y(b) = -112*b + 293. Let x(n) = -7*a(n) + 5*y(n). Suppose -5*i = -3*f + 5, 0 = -3*i - 7 - 5. What is the units digit of x(f)?
5
Let u = -29 + 32. Suppose 0 = -l - 5*x + u, -4*x = -3*l - 2*x + 9. What is the tens digit of (29 + -5)*8/l?
6
Let m(d) = 62*d**2 + 377*d - 59. What is the ten thousands digit of m(-31)?
4
Suppose -2*m = -3*c - 9184, -70*m + 67*m + c = -13783. What is the tens digit of m?
9
Let n = -173 - -116. Let m = 141 + n. Suppose 5*y - 2*h - 423 = 0, h + 0*h = y - m. What is the tens digit of y?
8
Suppose 5*b - 3*w = -23, 3*b + b + 2*w = -36. Let p(r) = 64 - 54 - 455*r + 438*r. What is the units digit of p(b)?
9
Suppose 19755 = 9*g - 2673 + 5202. What is the units digit of g?
4
Let s(j) = 121*j**2 + 4*j + 78. What is the thousands digit of s(-8)?
7
Let q(y) = 3*y**2 - 21*y + 10. Let i be q(14). Let w = -214 + i. What is the units digit of w?
0
Let m(a) = -4*a**3 - 3*a**2 + a + 21742. What is the tens digit of m(0)?
4
Suppose -9*w + 5*y + 20045 = -4*w, -6*w + 24004 = 4*y. What is the hundreds digit of w?
0
Let b = 37 + 971. What is the units digit of b?
8
Suppose 0 = 5*i + 918 - 6018. Let w = i + -311. What is the hundreds digit of w?
7
Let o(f) = -2*f + 1819 - f - 1799. Let h be o(6). Suppose -h*i + 1210 = 4*b + i, 600 = 2*b - i. What is the tens digit of b?
0
Let i be 4*((-70)/(-8))/5. What is the tens digit of 325 - (10/(-2) + i)?
2
Let b(i) = -76*i + 1142. What is the hundreds digit of b(-67)?
2
Suppose -12*t = 14*t + 18*t - 819236. What is the tens digit of t?
1
Let t(m) = 48*m**2 + 184*m - 6. What is the units digit of t(-13)?
4
Suppose 0 = 4*d + 2*u + 3*u, 0 = 5*d + 2*u. Suppose d = 5*f + 3*n + 46, -2*n - 5 = 2*f - f. What is the tens digit of (-224)/48*(f + -1)?
5
Let s be -120*(40/(-12))/2. Suppose 5*n + s + 1360 = 0. What is the tens digit of n/96*1*-8?
2
Let o(p) = 10*p**2 - p + 5. Let g(r) = 9*r**2 + 5. Let k(t) = -6*g(t) + 4*o(t). Let s(q) be the first derivative of k(q). What is the units digit of s(-3)?
0
Suppose 4*x - 4 = -4*w, -5*w - x = -0*x - 9. Suppose 0 = -5*g + 4*k + 62, -w*g + 34 = -2*k + 8. Suppose 6*r + 416 = g*r. What is the hundreds digit of r?
1
Let d = -494 - -737. Let w = 42 + d. What is the units digit of w?
5
Suppose 10*s = 15*s + 425. Let f be (-17)/s - (-21)/(-5). What is the units digit of (2 + 114)*(f - 85/(-20))?
9
Let j(i) = i**3 - 6*i**2 - 11*i - 10. Let m be j(10). Suppose m = 3*c + 2*c. Suppose -c = -3*q - 8. What is the tens digit of q?
1
Suppose 3*p - 12 = 0, -3*l - 9 = 2*l - p. Let i be ((-69)/1)/(l/3). Suppose -4*u = -3*t + i, -3*u - 4 - 5 = 0. What is the tens digit of t?
6
Suppose 54278 = 4*o - i, -5*o + 2*i + i = -67837. What is the units digit of o?
1
Let y(p) = 2*p + 43. Let s be y(-21). Let d be s + -5 - (112 + 1). What is the units digit of (-160)/(-24)*d/(-6)?
0
Suppose -3*u - 4310 + 24065 = 0. What is the units digit of u?
5
Let q(o) = -8*o - 1. Let c be q(0). What is the units digit of 2570/(-20)*(c + -1)?
7
Let g(y) = -37*y**3 + 17*y**2 + 14*y + 44. What is the tens digit of g(-5)?
2
Let p = 6186 + -4591. What is the tens digit of p?
9
Let c(j) = j**3 + j**2 + 13*j + 15. Let d be c(9). What is the units digit of (d/4)/1 + 14/28?
6
Let s(x) = -962*x - 2. Let w = 249 - 250. What is the units digit of s(w)?
0
Suppose -5*n = -29*n + 155136. Suppose 48*h - n = 32*h. What is the hundreds digit of h?
4
Suppose -59*t + 3*t = 27*t - 4867784. What is the ten thousands digit of t?
5
Suppose -d - 5*k + 50685 = -25087, -151555 = -2*d + k. What is the thousands digit of d?
5
Suppose r = 3*b - 39866, 21*b - 26610 = 19*b - 4*r. What is the hundreds digit of b?
2
Let j be 6909/98 + (-1)/2. What is the units digit of (-2 + -82)*j/(-8)?
5
Suppose -n + 2*j = -44, 3*n - 2*j - 129 = j. Let z(m) = m**2 + n - 9*m - 18 + 22*m. What is the tens digit of z(-12)?
1
Suppose v = 6*b - 132438, 2*v - 33399 = -2*b + 10733. What is the hundreds digit of b?
0
Suppose -5*a - 3*s + 32597 = -51640, 0 = -5*a - 2*s + 84243. What is the thousands digit of a?
6
Let k(h) = -19327*h + 3483. What is the hundreds digit of k(-2)?
1
Suppose 11 = 4*a - 9. Suppose 4*j = -a*j + 27. Suppose 102 = 3*l - 3*x, 0 = -j*l + 8*l + 4*x - 179. What is the units digit of l?
5
Let u(x) = 123 - 249 - 431*x**3 + 124 - x. What is the hundreds digit of u(-1)?
4
Let s(g) = 871*g**3 + g**2 + 31*g - 49. What is the hundreds digit of s(2)?
9
What is the thousands digit of 868/(-5 - 17/(-3))?
1
Suppose 3*n - 85352 = -5*r, 4*n - 113821 = -22*r + 19*r. What is the units digit of n?
9
Let l(v) = 0*v**2 + 200*v - 13 - 190*v - v**2. Let d be l(8). Suppose 5*m - 336 = -d*r, -r - 4*m + m = -112. What is the hundreds digit of r?
1
Let b = -197 - -1447. What is the tens digit of b?
5
Let d(v) = -v**3 + 9*v**2 + 13*v - 24. Let o be d(7). Suppose -171*a + o*a + 1116 = 0. What is the hundreds digit of a?
1
Suppose -5*a = -5*t + 50, a - 5*a - 20 = 0. Suppose -2*p = -m - 131 + 244, p = 6. Suppose m = t*r - 25. What is the tens digit of r?
3
Let p be (0 - (-341 + 3))*-1. Let i be (-867)/5 + 64/160. Let a = i - p. What is the tens digit of a?
6
What is the tens digit of 6059 + (75/(-6))/5*(-36)/(-45)?
5
Let l = 58 + -56. Let h be 1070/26 - (-6)/(-39). Suppose -4*w + 102 = l*u, -4*w + w = -u + h. What is the tens digit of u